et q be a*(2 - 60/21). Is 2/q + 276/9 a composite number?
False
Let l be (0/(-3) + 1)*5. Suppose -4*f = 2*s - 142, 0*f + l*f - 185 = -4*s. Is f a composite number?
True
Let v = 14 + -9. Suppose 91 = 3*j + v*s, 3*s = 4*j - s - 164. Is j a prime number?
True
Suppose -2 = w + 2. Let j = 4 + w. Suppose 2*q - 3*m = 32, 0*m - 2*m + 4 = j. Is q a prime number?
True
Let z(k) = 4*k - 7 - 2*k - 1. Let v be z(6). Suppose 0*b + 4*w + 30 = 5*b, 0 = -v*b - w + 24. Is b a composite number?
True
Suppose 4*m - 3 = -5*j - 2, 0 = 4*m - 4*j + 8. Let n = m - 1. Is 32/2 - (n + 3) a composite number?
True
Let q(s) = 2*s**3 - 9*s**2 + 10*s - 9. Is q(6) prime?
False
Let c(z) = z**2 - 7*z - 6. Let i be c(8). Suppose i*u + 1089 = 5*j, -4*u - 876 = -7*j + 3*j. Is j composite?
True
Is (-80 - 3)/(-3 + 2) composite?
False
Let w(t) = 3*t**2 - 3*t - 3. Let n(k) = -k - 2. Let z be n(3). Let d be (-22)/z - (-6)/(-15). Is w(d) composite?
True
Let m = -6 + 9. Is 149/(2 + (-3)/m) composite?
False
Let z(l) be the second derivative of -11*l**5/20 - l**4/3 - l**3/6 - l**2/2 + l. Let g be z(-3). Let b = -157 + g. Is b a prime number?
False
Let g be 10/(-6) + (-2)/(-3). Is (6/(-12))/(g/174) a prime number?
False
Let m = 1280 + -871. Is m a composite number?
False
Let r(x) = -x**3 - 5*x**2 + 4*x + 6. Let m be r(-5). Let b = -10 - m. Suppose b*l - 151 = -t, -4*l + 2*t + 150 = 4*t. Is l composite?
True
Is (-97 + 3)*(-21)/6 a composite number?
True
Let g = -129 - -308. Is g prime?
True
Let j(d) = 5*d - 4. Let r(v) = 9*v - 7. Let t(g) = 7*j(g) - 4*r(g). Let x be t(-2). Is -1 - 24/(-3 + x) prime?
True
Suppose -2*y + 687 = -201. Let o = y + -258. Let t = o + -91. Is t a prime number?
False
Let t(b) = b**3 - 2*b**2 - b + 1. Let d be t(2). Let j be (1/(-2))/(d/(-70)). Let o = j - -58. Is o composite?
False
Is (3/(-3))/(5/(-35)) a prime number?
True
Suppose -6*v + v = -530. Is v a composite number?
True
Suppose 6*d - 4337 = -1403. Is d a composite number?
True
Suppose -4*i - 1 = -3*d, -3*i + 3*d - 6 = -d. Let c = i + 0. Is 1 - (2 - (c - -52)) composite?
False
Let i(b) = -12*b - 1. Let k be i(-1). Let p = 42 + k. Is p a composite number?
False
Suppose 4*n - 174 = n. Suppose 0 = -3*c - 4*o + n, -o = c - 0*o - 18. Let f = 17 + c. Is f a prime number?
True
Let f(l) = -12*l - 5. Is f(-5) prime?
False
Let v(p) = -p**3 + 8*p**2 + p - 3. Is v(7) a prime number?
True
Suppose -2*v + 5*n - 20 = 2*n, 3*n + 4 = -4*v. Let y(z) = -12*z + 5. Let u be y(v). Suppose 4*g - 301 = -u. Is g composite?
True
Suppose y - 4*v = -4*y + 7, 3*y - 5*v = -1. Suppose 12 = 4*z, -48 = -5*k + 2*k + y*z. Is k prime?
True
Let r = -79 + 183. Let d = r - 71. Is d a prime number?
False
Suppose 41 = -4*r - 47. Let x = r - -59. Is x prime?
True
Let y be 17/5 - 2/5. Suppose -87 = -y*v + 144. Is v a prime number?
False
Let q = 11 + -8. Suppose -2*t = -2*u + 10, -u + 5 = 4*t - t. Suppose -4*l - q*d = -25, -u*d + 2 - 21 = -2*l. Is l a composite number?
False
Let y = 1578 - 667. Is y a composite number?
False
Let k = -223 + 486. Is k composite?
False
Let g = -43 + -14. Let c = 38 - g. Is c a composite number?
True
Let c = -6 + 5. Let z be (3 + c)*(1 - -5). Is z/4*(-178)/(-6) composite?
False
Let k = 651 + 50. Is k a prime number?
True
Suppose 0*s - 5*s + 7645 = 0. Is s prime?
False
Suppose 66 = c - 19. Is c a prime number?
False
Is -14*33/(-6)*1 a prime number?
False
Let y = -66 + 105. Let z be (-22)/6 + (-6)/(-9). Is y + -2 - (-3 - z) a prime number?
True
Let u = 3 - 3. Suppose -5*f - 4*j = -17, -2*j = 4*f - u*j - 16. Is 5*f/3*3 a composite number?
True
Suppose 0*n + n + 6 = 0. Let w be (n/15)/((-2)/10). Suppose 5*y + w*v - 4*v = 120, 4*y - 4*v = 108. Is y a prime number?
False
Let m(j) = 5*j - 1. Let t be m(-1). Is ((-4)/t)/((-32)/(-4080)) a composite number?
True
Let h(j) = -6*j**3 + 2*j**2 + 2*j + 3. Let m = 2 + -4. Is h(m) a composite number?
True
Let j(v) = v**3 - 5*v**2. Let h be j(5). Let l be h - (-2 + -6*1). Suppose -3*w - 95 = -l*w. Is w a composite number?
False
Let a be (3 - -720) + -2 - 0. Let t = a + -399. Suppose -3*l = 3*y - 0*y - 228, t = 4*y - 2*l. Is y a prime number?
True
Suppose o = 6*o + 165. Let p = 88 + o. Is p prime?
False
Let d(o) = -o - 1. Let a be d(-3). Suppose 0*w - 46 = -a*w. Is w a composite number?
False
Let v(c) = -4*c - 2*c - 5*c - 2. Suppose 0 = 4*m + 8 + 12. Is v(m) composite?
False
Let n(b) = b**2 - 2*b - 12. Let r be n(5). Suppose -2*y + 581 = y - 2*k, -r*y + 5*k + 593 = 0. Is y prime?
True
Let v = -3 + 7. Let i = v - 5. Is 2/(i + (-147)/(-141)) a composite number?
False
Is 1098 - ((-1 - 6 - -3) + 3) a prime number?
False
Is -6 + 8 - 2582/(-2) a composite number?
True
Let p be 6/3 + 4 + 7. Let l = p + 34. Is l composite?
False
Let q(n) = -n**3 + 2*n**2 + 2*n. Let x be q(3). Is 188/10 - x/15 a prime number?
True
Let c = -5 - -6. Let x = 1 + c. Is x - ((-50 - 2) + -1) prime?
False
Let z(q) = -22*q. Let c(g) = -g + 1. Let w(x) = -3*c(x) - z(x). Is w(4) a composite number?
False
Let d = -1 + 0. Is 2 + d + (1 - -80) a composite number?
True
Let z(g) = 200*g. Let p be z(1). Let a = 607 - p. Is a a composite number?
True
Suppose -2*s - 2*p + 10 = 0, -2*s + 4*s = -5*p + 7. Is (-3)/3 - (-1 - s) prime?
False
Let g = -26 + 18. Let n = 10 + g. Suppose 435 = 5*w - n*w. Is w a prime number?
False
Let w = 0 - -3. Suppose -1 = w*r + 2. Is (r - 0 - -2) + 66 a prime number?
True
Let k be (-22)/(-6) - 6/(-18). Let z(p) = 4*p + 3. Is z(k) composite?
False
Let m = -7 + 6. Is 2 + m + -1 - -305 a prime number?
False
Suppose 6 = 8*t - 5*t. Let a(v) = 104*v**2 - 2*v + 1. Is a(t) prime?
False
Let q(d) = d**2 + 1. Let k(v) = -26*v**2 + 5*v + 3. Let c(y) = -k(y) - 4*q(y). Is c(-6) prime?
False
Suppose 3 = 5*y - 27. Let d = y - 3. Suppose l - 115 = -2*k - d*k, 0 = -3*k + l + 61. Is k a prime number?
False
Let y = 45 - -112. Let x = y + -68. Is x prime?
True
Suppose -5*u + 2*u = -9. Let r = 4 - u. Suppose 2*k + 35 = 5*p, 3*p - r = -3*k + 20. Is p composite?
False
Let g = -59 - -104. Suppose 0*r = -3*r + g. Is r a prime number?
False
Let d(a) = -a - 1. Let m be d(-11). Is 61 - (m + -1)/3 composite?
True
Let t(c) be the third derivative of -c**6/120 + 13*c**5/60 - 5*c**4/24 + 13*c**3/6 + c**2. Is t(12) composite?
False
Let i = -17 - -27. Suppose -2*x + i = -0*x. Suppose -5*c + x*p + 298 = -3*c, -2*c + 298 = 2*p. Is c a prime number?
True
Let m(o) = -o**3 - 5*o**2 + 9*o + 8. Is m(-9) a prime number?
True
Let w = -148 - -339. Is w prime?
True
Suppose -3*s + 12 = -5*s. Let a be (-8)/(-10)*(-1 - s). Suppose a*g - 39 = g. Is g composite?
False
Suppose 186 = p + 5*p. Is p composite?
False
Let l be -18*((-3)/6 - 0). Let c be (-3)/l - (-182)/6. Suppose -6*v + v + c = 0. Is v a composite number?
True
Let n(r) be the first derivative of 2*r**3 - r**2/2 + r - 2. Let h be n(4). Suppose 0 = 2*c + c - h. Is c a prime number?
True
Let z(q) = -421*q - 4. Is z(-3) a prime number?
True
Let v(x) = x**2 - x - 1. Let f be v(-5). Let o(w) = 95*w**2 + 2*w - 1. Let a be o(1). Let g = a - f. Is g composite?
False
Let x(i) = 7*i**2 + 4*i - 3. Is x(2) a prime number?
False
Let s(r) = -r**3 - 6 + 0*r**3 - 4*r**2 + 4*r + 14. Is s(-7) a composite number?
False
Suppose 0 = f + 4*m - 5249, 2*m - m = -5*f + 26283. Is f a prime number?
False
Suppose -4*g + 3*r + 622 = 5*r, -3*r + 776 = 5*g. Is g a composite number?
False
Let r(m) be the first derivative of 2*m**3/3 + 5*m**2/2 - 5*m - 3. Is r(-6) a composite number?
False
Let y(q) = -q**3 + 5*q**2 + 6*q + 4. Let a be y(6). Is 77*(-2)/(a/(-2)) a prime number?
False
Let f = 505 - 811. Let n = 465 + f. Is n prime?
False
Suppose -12 = -0*k - 4*k. Suppose 42 = 3*h + k*w, 4*h + 8*w - 60 = 3*w. Let u = h + 225. Is u a prime number?
False
Suppose -2*p + 3*p = -4*q + 17, 3*q = -3*p + 42. Let l = p + -8. Suppose 4*d + 37 = l*d. Is d a composite number?
False
Suppose -5*l = -448 - 2917. Is l composite?
False
Let n be 0*((-2)/(-4) + -1). Suppose n = -3*s - 190 + 58. Is (0 - 2/4)*s composite?
True
Suppose 12*a = 13*a - 753. Is a a prime number?
False
Suppose 4*h = 163 + 177. Suppose 0 = -2*r + 445 + h. Is r a composite number?
True
Suppose -3*t = -3*c + 6, -2*c + 1 + 11 = 2*t. Suppose 0*u = -t*u - 242. Let b = -86 - u. Is b a composite number?
True
Let s = 4 - 0. Suppose -s*w + 9*w = 235. Is w a composite number?
False
Suppos